 558. List the prime factors of w.
3, 31
Let v be 23/(115/10)*365/(-2). Let y = v - -836. What are the prime factors of y?
3, 157
Suppose k = -3*q + 9, 9*k - 13 = -4*q + 8*k. Suppose 39 = x - o, -3*x + 5*o - 45 = -q*x. What are the prime factors of x?
2, 5
Let p(d) = -d**2 + 20*d - 40. Let v be p(14). Let w = 117 - v. List the prime factors of w.
73
Suppose 3*w = a - 4, 4*a = 3*w + 18 - 2. Suppose 4*q + g = -73, -a*g = -4*q - g - 53. Let m(h) = h**3 + 17*h**2 - 2*h. What are the prime factors of m(q)?
2, 17
Let v be (4/(-10))/((-33)/1980). What are the prime factors of 1749 + (9 + -2 - (v - 19))?
17, 103
Suppose 0 = 8*p + 2*p - 1090. Let k = p - 70. List the prime factors of k.
3, 13
What are the prime factors of -2*((-36)/9 + (-82925)/10 - 5)?
16603
Suppose 0 = 7*j - 12*j + 520. Let u = -99 + j. Suppose 732 = 4*t + o + 3*o, -u*o = -2*t + 359. List the prime factors of t.
2, 7, 13
Let t = 683 + 1062. What are the prime factors of t?
5, 349
Let p(v) = -v**3 - v**2 + 4*v + 5. Let l be p(-3). Suppose 12*g - l*g = 22. Let q(s) = s**2 - 18*s + 16. List the prime factors of q(g).
2, 13
Let n = 361 - 339. List the prime factors of -3*1 - (-10252)/n.
463
Suppose -26*p - 4*l = -22*p - 908, -5*l - 681 = -3*p. What are the prime factors of p?
227
Let m be ((-30)/12)/((-2)/12). Suppose 7*r - 132 = m. Suppose 0 = 16*u - r*u + 595. What are the prime factors of u?
7, 17
Let l = 1000 + -995. Let s be ((-1)/2)/(1/(-596)). Suppose l*z - 147 = s. What are the prime factors of z?
89
Suppose 0 = -4*q + 29 - 17, 0 = -3*s + 2*q + 21. Suppose 3212 = 4*x + 5*o, -s*x + 1606 = -7*x - 5*o. What are the prime factors of x?
11, 73
Let r be (-4)/10*5 + (460 - -2). Suppose -4*v + 8*v - r = 0. List the prime factors of v.
5, 23
List the prime factors of ((-9)/81*-36)/(3/17265).
2, 5, 1151
Suppose -19*b + 10704 = -10177. Let y = b + -631. What are the prime factors of y?
2, 3, 13
Let s be 86925/76 + ((-18)/(-8))/(-3). Suppose -5*d = -9*d - y + 1531, -3*d + y + s = 0. What are the prime factors of d?
2, 191
List the prime factors of (446 - 4)*46/10 - 144/720.
19, 107
Let c = 44124 + -19247. What are the prime factors of c?
24877
Let u(v) = 100*v**2 + 36*v - 210. What are the prime factors of u(6)?
2, 3, 601
Let d(m) = -15*m. Let j be d(0). Suppose j = -15*k + 2789 + 4216. List the prime factors of k.
467
Let j be (22/6)/((-5)/195). Suppose 611*z = 626*z - 5520. Let t = j + z. What are the prime factors of t?
3, 5
Let k(r) = 10*r**2 - r + 7. Let i = -96 + 101. Let x be k(i). Let n = x + -52. What are the prime factors of n?
2, 5
Suppose -3*o - 24 = 3*c - 150, -4*c + 78 = 2*o. Let h = 47 - o. Let q(j) = 25*j**2 - 3*j + 1. What are the prime factors of q(h)?
5, 19
Let k = 3442 - -1857. List the prime factors of k.
7, 757
Let g be 10/2 + (2 - (11 - 670)). Suppose -n + 2 = 0, -n = 4*v - g - 2268. List the prime factors of v.
733
List the prime factors of (7/((-56)/(-612)))/(20/1640).
3, 17, 41
Let l = -20 - -88. Suppose -89*z + 85*z = -l. Let w(v) = v**3 - 16*v**2 - 8*v + 26. What are the prime factors of w(z)?
179
Let y(p) = 2*p - 43. Let a be y(20). Let d(g) = -20*g - 10 + 10 - 7*g + 5. What are the prime factors of d(a)?
2, 43
Let b be (-2 + 1/(-3))*(-12)/(-2). Let c be 1 - (-23)/(-7) - 4/b. What are the prime factors of 4/c - (-5)/(30/906)?
149
Let j = 6403 - 2903. Suppose -90*n + j = -83*n. What are the prime factors of n?
2, 5
Suppose 2*s - 3*k - 28503 = 0, -15*s = k - 279008 + 65165. What are the prime factors of s?
2, 3, 11
Let x(v) = 41*v**2 - 467*v - 3. List the prime factors of x(-33).
3, 6673
Let r(c) = 25*c + 61. Let q be r(15). Let m = 1219 - q. List the prime factors of m.
3, 29
Suppose -5*n = -20, 6*x + 175 = 9*x + n. Suppose 111 = w - x. What are the prime factors of w?
2, 3, 7
Let c(i) = 2. Let z(q) = 59*q**2 + 13*q + 1. Let l(w) = 4*c(w) + z(w). List the prime factors of l(-4).
17, 53
List the prime factors of -1*7/(14/(-2)) + 7 - -8990.
2, 11, 409
Let g(z) = -99 - 3*z**2 + 0*z**2 + 1851*z**3 + 4*z**2 - 2*z + 101. List the prime factors of g(1).
2, 463
Suppose 59*c = 66*c + 2996. Let x = -161 - c. List the prime factors of x.
3, 89
Let p(v) = -12*v**2 - 3*v + 41 + 3*v + 13*v**2 - 9*v. Let a be p(21). Let i = a - 114. What are the prime factors of i?
179
Let u(w) = 3*w**2 - 15 - 11*w - 8*w**3 + w - 12*w**2 + 7*w**3. Let d be u(-8). List the prime factors of 125/d + (6 - 3).
2
Suppose 170 = 3*c + 5*o + 39, 214 = 5*c + 4*o. Let u = -45 + c. Let i(k) = -19*k + 6. List the prime factors of i(u).
3, 7
Let w = 468 + 57. Suppose -105 + w = 6*u. Suppose -2*k + u = 58. List the prime factors of k.
2, 3
Let h(l) = -24*l - 31. Let p(o) = 47*o + 64. Let a(f) = -13*h(f) - 6*p(f). List the prime factors of a(4).
139
Suppose q - 4 + 0 = 0, -2*q - 388 = -2*j. Suppose -9*h + 0*h = -j. Suppose h = 5*n + 2, 212 = 2*c + 2*n. What are the prime factors of c?
2, 3, 17
Suppose 0 = -3*n - 178 - 71. Let k = 88 + n. Suppose -6*a = k*t - 3*a - 615, -2*t + 257 = -a. What are the prime factors of t?
2, 3, 7
Suppose -8*h = -31*h - h + 533880. List the prime factors of h.
3, 5, 1483
Suppose -37*b - 36 = -38*b. Suppose b*z + 730 = 31*z. List the prime factors of -1 - -3 - (-6)/(-12)*z.
3, 5
Let b(t) = 15 + 23 - 764*t**2 + 763*t**2 - 3 + 2*t. Let n be b(15). What are the prime factors of n/(-1)*(-20)/32*-2?
2, 5
Let d(f) = 6*f + 25. Let h be d(4). What are the prime factors of ((-8946)/h)/(-9)*14?
2, 71
Let p(i) = -i**2 + 21*i + 27. Let q be 23/69 - 65/(-3). Let z be p(q). Suppose 5*k = 2*m - 55, 4*m - 4*k = -z*k + 121. List the prime factors of m.
2, 3, 5
Suppose 4*g - 261 = -5*u, -u + 0*u + 41 = -2*g. Suppose -3 = -3*z, 3*k - z - u = k. Suppose -26*n + k*n = -19. List the prime factors of n.
19
Suppose 3*d = 9*d - 36. Let s(m) = -3 - d - 3*m - 12 + 4. List the prime factors of s(-7).
2
Let g = 27 + -20. Suppose 1872 = g*d + 563. Let n = -62 + d. What are the prime factors of n?
5
Let w(q) = 15*q**2 - 35*q - 542. List the prime factors of w(-14).
2, 19
Let b(c) = 456*c**2 - c. Let l be b(1). Suppose x - 13 = -8. Suppose -x*w + l = -0*w. What are the prime factors of w?
7, 13
Suppose t - 14 - 2 = 0. Let q be t/88 + 84/22. Suppose q*k - 2*k - 3*h = 92, -4 = 2*h. What are the prime factors of k?
43
Let k(y) = -2*y**2 + 46*y + 1. Let v be k(23). Let h be (6 + -5 + 4)*v. Suppose 473 = h*n - 142. What are the prime factors of n?
3, 41
Suppose -87*x = 65*x - 72*x - 1529920. What are the prime factors of x?
2, 7, 683
Let h(a) = 2465*a - 10652. List the prime factors of h(12).
2, 7, 13
Suppose 0 = -2*h - 64 - 4. Suppose -5*l + 5*j = 315, -2*l - 123 = -10*j + 5*j. Let g = h - l. List the prime factors of g.
2, 3, 5
Suppose 3*y = 1501 + 1103. Let o = y + -537. What are the prime factors of o?
331
Suppose -5*m - 17769 = -5*c - 1384, -5*c - 5*m = -16335. Suppose 0 = -8*v - c + 9688. What are the prime factors of v?
2, 401
Let m = -127 + 85. Let s be m/(-4) + (-6)/12. Let u(k) = -k**3 + 13*k**2 - 5*k - 1. What are the prime factors of u(s)?
3, 83
Suppose 0 = -2057*t + 2067*t - 73090. List the prime factors of t.
7309
Let i(k) = 83*k - 1. Let y = -73 - -77. Suppose 9*f - y*f - 10 = 0. What are the prime factors of i(f)?
3, 5, 11
Let q be 1 + 38 - (-1 + 13). Let o be (-177 - 3)*(-4)/10. Suppose 25*b = q*b - o. List the prime factors of b.
2, 3
Let v be (-14)/(-6) - (104/(-12) + 8). Suppose -4*u + 3*u + 330 = -v*j, 0 = j - 2. What are the prime factors of u?
2, 3, 7
Let r(n) = 32*n**2 - 104*n - 1986. List the prime factors of r(-21).
2, 3, 5, 53
Suppose 715*h = 719*h + y - 41938, -3*h = -4*y - 31444. What are the prime factors of h?
2, 2621
Let o(c) = -c**3 + 20*c**2 - 15*c + 155. What are the prime factors of o(-19)?
14519
Suppose -48*w = -38*w - 35610. List the prime factors of w.
3, 1187
Suppose -30510 = -7*t + 49332. What are the prime factors of t?
2, 3, 1901
Let m = 35821 - 20997. What are the prime factors of m?
2, 17, 109
Suppose 41503 = 10*t - 36584 + 21357. List the prime factors of t.
3, 31, 61
Suppose 0*k - 4*k + 4*i = -16, -2*k + 10 = -3*i. Let d = k - -3. Suppose 3 = -c, -d*p - 2*c + c + 202 = 0. What are the prime factors of p?
41
Suppose 4*m - 20987 = -5*s - 3616, 2*m = -2. Suppose 5*b = 5*x - 0*b - 5805, 0 = 3*x - 5*b - s. What are the prime factors of x?
5, 233
Let f be 2*2 + (19 - 20). Li